{"id":38,"date":"2024-10-04T09:48:12","date_gmt":"2024-10-04T09:48:12","guid":{"rendered":"https:\/\/cmsbh.ro\/?page_id=38"},"modified":"2024-10-06T09:45:22","modified_gmt":"2024-10-06T09:45:22","slug":"linkuri-utile","status":"publish","type":"page","link":"https:\/\/cmsbh.ro\/index.php\/pentru-colegi\/linkuri-utile\/","title":{"rendered":"Linkuri utile"},"content":{"rendered":"<p>[et_pb_section fb_built=&#8221;1&#8243; _builder_version=&#8221;4.27.2&#8243; _module_preset=&#8221;default&#8221; background_color=&#8221;gcid-primary-color&#8221; hover_enabled=&#8221;0&#8243; global_colors_info=&#8221;{%22gcid-primary-color%22:%91%22background_color%22%93}&#8221; locked=&#8221;off&#8221; theme_builder_area=&#8221;post_content&#8221; custom_padding=&#8221;70px|20px|70px|20px|false|false&#8221; sticky_enabled=&#8221;0&#8243; custom_padding_last_edited=&#8221;on|phone&#8221; custom_padding_tablet=&#8221;40px||40px||false|false&#8221; custom_padding_phone=&#8221;40px||40px||false|false&#8221;][et_pb_row _builder_version=&#8221;4.27.2&#8243; _module_preset=&#8221;default&#8221; width=&#8221;100%&#8221; max_width=&#8221;1140px&#8221; hover_enabled=&#8221;0&#8243; global_colors_info=&#8221;{}&#8221; theme_builder_area=&#8221;post_content&#8221; sticky_enabled=&#8221;0&#8243; custom_padding=&#8221;0px|0px|0px||false|false&#8221; custom_margin=&#8221;||||false|false&#8221;][et_pb_column type=&#8221;4_4&#8243; _builder_version=&#8221;4.27.2&#8243; _module_preset=&#8221;default&#8221; hover_enabled=&#8221;0&#8243; global_colors_info=&#8221;{}&#8221; theme_builder_area=&#8221;post_content&#8221; sticky_enabled=&#8221;0&#8243;][et_pb_blurb title=&#8221;@ET-DC@eyJkeW5hbWljIjp0cnVlLCJjb250ZW50IjoicG9zdF90aXRsZSIsInNldHRpbmdzIjp7ImJlZm9yZSI6IiIsImFmdGVyIjoiIn19@&#8221; content_max_width=&#8221;100%&#8221; _builder_version=&#8221;4.27.2&#8243; _module_preset=&#8221;default&#8221; header_font=&#8221;Barlow||||||||&#8221; header_text_align=&#8221;left&#8221; header_text_color=&#8221;#FFFFFF&#8221; header_font_size=&#8221;56px&#8221; header_line_height=&#8221;68px&#8221; body_text_color=&#8221;#f9f8f7&#8243; body_font_size=&#8221;18px&#8221; width=&#8221;100%&#8221; module_alignment=&#8221;left&#8221; custom_margin=&#8221;|0px|||false|false&#8221; custom_margin_tablet=&#8221;||||false|false&#8221; custom_margin_phone=&#8221;||||false|false&#8221; custom_margin_last_edited=&#8221;on|desktop&#8221; custom_padding=&#8221;|0px||0px|false|false&#8221; hover_enabled=&#8221;0&#8243; global_colors_info=&#8221;{}&#8221; theme_builder_area=&#8221;post_content&#8221; header_font_size_last_edited=&#8221;on|phone&#8221; sticky_enabled=&#8221;0&#8243; header_font_size_tablet=&#8221;30px&#8221; header_font_size_phone=&#8221;25px&#8221; header_line_height_last_edited=&#8221;on|desktop&#8221; header_line_height_phone=&#8221;33.6px&#8221; header_line_height_tablet=&#8221;34px&#8221; _dynamic_attributes=&#8221;title&#8221; width_last_edited=&#8221;on|desktop&#8221; width_tablet=&#8221;100%&#8221; width_phone=&#8221;100%&#8221;][\/et_pb_blurb][\/et_pb_column][\/et_pb_row][\/et_pb_section][et_pb_section fb_built=&#8221;1&#8243; theme_builder_area=&#8221;post_content&#8221; _builder_version=&#8221;4.27.2&#8243; _module_preset=&#8221;default&#8221; custom_padding=&#8221;70px|20px|70px|20px|false|false&#8221; hover_enabled=&#8221;0&#8243; sticky_enabled=&#8221;0&#8243; custom_padding_last_edited=&#8221;on|tablet&#8221; custom_padding_tablet=&#8221;20px||20px||false|false&#8221; locked=&#8221;off&#8221; custom_padding_phone=&#8221;20px||20px||false|false&#8221;][et_pb_row _builder_version=&#8221;4.27.2&#8243; _module_preset=&#8221;default&#8221; theme_builder_area=&#8221;post_content&#8221; hover_enabled=&#8221;0&#8243; sticky_enabled=&#8221;0&#8243; use_custom_gutter=&#8221;on&#8221; gutter_width=&#8221;1&#8243; max_width=&#8221;1140px&#8221; custom_padding=&#8221;0px||0px||false|false&#8221; width=&#8221;100%&#8221; width_last_edited=&#8221;on|phone&#8221; width_tablet=&#8221;100%&#8221; width_phone=&#8221;100%&#8221;][et_pb_column _builder_version=&#8221;4.27.2&#8243; _module_preset=&#8221;default&#8221; type=&#8221;4_4&#8243; theme_builder_area=&#8221;post_content&#8221; custom_padding=&#8221;|20px|||false|false&#8221; hover_enabled=&#8221;0&#8243; sticky_enabled=&#8221;0&#8243; custom_padding_last_edited=&#8221;on|phone&#8221; custom_padding_tablet=&#8221;|0px|30px||false|false&#8221; custom_padding_phone=&#8221;|0px|30px||false|false&#8221;][et_pb_text _builder_version=&#8221;4.27.2&#8243; _module_preset=&#8221;default&#8221; theme_builder_area=&#8221;post_content&#8221; text_font=&#8221;&#8211;et_global_body_font||||||||&#8221; text_font_size=&#8221;16px&#8221; text_text_color=&#8221;#595959&#8243; text_line_height=&#8221;26px&#8221; hover_enabled=&#8221;0&#8243; sticky_enabled=&#8221;0&#8243; header_3_line_height=&#8221;1.6em&#8221; header_4_line_height=&#8221;1.7em&#8221; header_4_line_height_last_edited=&#8221;on|phone&#8221; header_4_line_height_phone=&#8221;1.5em&#8221; header_3_line_height_last_edited=&#8221;on|desktop&#8221; header_4_line_height_tablet=&#8221;1.7em&#8221; header_3_line_height_tablet=&#8221;1.6em&#8221; header_3_line_height_phone=&#8221;1.6em&#8221;]<\/p>\n<p><strong>Institu\u021bii\u00a0<\/strong><\/p>\n<ul>\n<li>Ministerul S\u0103n\u0103t\u0103\u021bii\u00a0<a href=\"http:\/\/www.ms.ro\/\">http:\/\/www.ms.ro<\/a><\/li>\n<li>Direc\u021bia de S\u0103n\u0103tate Public\u0103 Bihor\u00a0<a href=\"http:\/\/www.dspbihor.ro\/\">http:\/\/www.dspbihor.ro<\/a><\/li>\n<li>Casa de Asigur\u0103ri de S\u0103n\u0103tate Bihor\u00a0<a href=\"http:\/\/casbh.rdsor.ro\/\">http:\/\/casbh.rdsor.ro<\/a><\/li>\n<\/ul>\n<p><strong>Profesionale<\/strong><span><\/span><\/p>\n<ul>\n<li>Colegiul Medicilor Denti\u0219ti din Rom\u00e2nia\u00a0<a href=\"http:\/\/www.cmdr.ro\/\">www.cmdr.ro<\/a><\/li>\n<li>Asociatia Medicilor Stomatologi cu Practic\u0103 Privat\u0103 din Rom\u00e2nia\u00a0<a href=\"http:\/\/www.dental.ro\/\">www.dental.ro<\/a><\/li>\n<li>Societatea de Stomatologie Estetic\u0103 din Romania\u00a0<a href=\"http:\/\/www.sser.ro\/\">www.sser.ro<\/a><\/li>\n<li>Uniunea Nationala a Asociatiilor Stomatologice \u00a0<a href=\"http:\/\/www.unas.unas.ro\/\">http:\/\/www.unas.unas.ro<\/a><\/li>\n<\/ul>\n<p><strong>Universit\u0103\u021bi<\/strong><span><\/span><\/p>\n<ul>\n<li>UMF Iuliu Hatieganu, Cluj-Napoca \u00a0\u00a0<a href=\"http:\/\/www.umfcluj.ro\/\">www.umfcluj.ro<\/a><\/li>\n<li>UMF Victor Babes, Timisoara \u00a0 \u00a0\u00a0<a href=\"http:\/\/www.umft.ro\/\">www.umft.ro<\/a><\/li>\n<li>UMF Carol Davila, Bucuresti \u00a0 \u00a0<a href=\"http:\/\/www.umf.ro\/\">www.umf.ro<\/a><\/li>\n<li>UMF Targu Mures \u00a0 \u00a0\u00a0<a href=\"http:\/\/www.umftgm.ro\/\">http:\/\/www.umftgm.ro<\/a><\/li>\n<li>UMF Grigore T. Popa, Iasi \u00a0 \u00a0<a href=\"http:\/\/www.umfiasi.ro\/Pages\/Default.aspx\">http:\/\/www.umfiasi.ro\/Pages\/Default.aspx<\/a><\/li>\n<li>Universitatea Oradea,\u00a0Facultatea de Medicin\u0103 \u0219i Farmacie \u00a0 \u00a0<a href=\"http:\/\/fmforadea.ro\/\">http:\/\/fmforadea.ro<\/a><\/li>\n<li>UMF Craiova \u00a0 \u00a0<a href=\"http:\/\/www.umfcv.ro\/\">http:\/\/www.umfcv.ro<\/a><\/li>\n<\/ul>\n<p>[\/et_pb_text][\/et_pb_column][\/et_pb_row][\/et_pb_section]<\/p>\n","protected":false},"excerpt":{"rendered":"<p>Institu\u021bii\u00a0 Ministerul S\u0103n\u0103t\u0103\u021bii\u00a0http:\/\/www.ms.ro Direc\u021bia de S\u0103n\u0103tate Public\u0103 Bihor\u00a0http:\/\/www.dspbihor.ro Casa de Asigur\u0103ri de S\u0103n\u0103tate Bihor\u00a0http:\/\/casbh.rdsor.ro Profesionale Colegiul Medicilor Denti\u0219ti din Rom\u00e2nia\u00a0www.cmdr.ro Asociatia Medicilor Stomatologi cu Practic\u0103 Privat\u0103 din Rom\u00e2nia\u00a0www.dental.ro Societatea de Stomatologie Estetic\u0103 din Romania\u00a0www.sser.ro Uniunea Nationala a Asociatiilor Stomatologice \u00a0http:\/\/www.unas.unas.ro Universit\u0103\u021bi UMF Iuliu Hatieganu, Cluj-Napoca \u00a0\u00a0www.umfcluj.ro UMF Victor Babes, Timisoara \u00a0 \u00a0\u00a0www.umft.ro UMF Carol Davila, Bucuresti \u00a0 \u00a0www.umf.ro UMF Targu Mures \u00a0 \u00a0\u00a0http:\/\/www.umftgm.ro UMF Grigore T. Popa, Iasi \u00a0 \u00a0http:\/\/www.umfiasi.ro\/Pages\/Default.aspx Universitatea Oradea,\u00a0Facultatea de Medicin\u0103 \u0219i Farmacie \u00a0 \u00a0http:\/\/fmforadea.ro UMF Craiova \u00a0 \u00a0http:\/\/www.umfcv.ro<\/p>\n","protected":false},"author":1,"featured_media":0,"parent":17,"menu_order":0,"comment_status":"closed","ping_status":"closed","template":"","meta":{"_et_pb_use_builder":"on","_et_pb_old_content":"<!-- wp:divi\/placeholder \/-->","_et_gb_content_width":"","footnotes":""},"class_list":["post-38","page","type-page","status-publish","hentry"],"_links":{"self":[{"href":"https:\/\/cmsbh.ro\/index.php\/wp-json\/wp\/v2\/pages\/38","targetHints":{"allow":["GET"]}}],"collection":[{"href":"https:\/\/cmsbh.ro\/index.php\/wp-json\/wp\/v2\/pages"}],"about":[{"href":"https:\/\/cmsbh.ro\/index.php\/wp-json\/wp\/v2\/types\/page"}],"author":[{"embeddable":true,"href":"https:\/\/cmsbh.ro\/index.php\/wp-json\/wp\/v2\/users\/1"}],"replies":[{"embeddable":true,"href":"https:\/\/cmsbh.ro\/index.php\/wp-json\/wp\/v2\/comments?post=38"}],"version-history":[{"count":3,"href":"https:\/\/cmsbh.ro\/index.php\/wp-json\/wp\/v2\/pages\/38\/revisions"}],"predecessor-version":[{"id":295,"href":"https:\/\/cmsbh.ro\/index.php\/wp-json\/wp\/v2\/pages\/38\/revisions\/295"}],"up":[{"embeddable":true,"href":"https:\/\/cmsbh.ro\/index.php\/wp-json\/wp\/v2\/pages\/17"}],"wp:attachment":[{"href":"https:\/\/cmsbh.ro\/index.php\/wp-json\/wp\/v2\/media?parent=38"}],"curies":[{"name":"wp","href":"https:\/\/api.w.org\/{rel}","templated":true}]}}