{"id":34,"date":"2024-10-04T09:47:40","date_gmt":"2024-10-04T09:47:40","guid":{"rendered":"https:\/\/cmsbh.ro\/?page_id=34"},"modified":"2024-10-06T09:43:04","modified_gmt":"2024-10-06T09:43:04","slug":"casa-de-asigurari-de-sanatate-cas","status":"publish","type":"page","link":"https:\/\/cmsbh.ro\/index.php\/pentru-colegi\/casa-de-asigurari-de-sanatate-cas\/","title":{"rendered":"Casa de asigur\u0103ri de s\u0103n\u0103tate (CAS)"},"content":{"rendered":"<p>[et_pb_section fb_built=&#8221;1&#8243; _builder_version=&#8221;4.27.2&#8243; _module_preset=&#8221;default&#8221; background_color=&#8221;gcid-primary-color&#8221; hover_enabled=&#8221;0&#8243; global_colors_info=&#8221;{%22gcid-primary-color%22:%91%22background_color%22%93}&#8221; locked=&#8221;off&#8221; theme_builder_area=&#8221;post_content&#8221; custom_padding=&#8221;70px|20px|70px|20px|false|false&#8221; sticky_enabled=&#8221;0&#8243; custom_padding_last_edited=&#8221;on|phone&#8221; custom_padding_tablet=&#8221;40px||40px||false|false&#8221; custom_padding_phone=&#8221;40px||40px||false|false&#8221;][et_pb_row _builder_version=&#8221;4.27.2&#8243; _module_preset=&#8221;default&#8221; width=&#8221;100%&#8221; max_width=&#8221;1140px&#8221; hover_enabled=&#8221;0&#8243; global_colors_info=&#8221;{}&#8221; theme_builder_area=&#8221;post_content&#8221; sticky_enabled=&#8221;0&#8243; custom_padding=&#8221;0px|0px|0px||false|false&#8221; custom_margin=&#8221;||||false|false&#8221;][et_pb_column type=&#8221;4_4&#8243; _builder_version=&#8221;4.27.2&#8243; _module_preset=&#8221;default&#8221; hover_enabled=&#8221;0&#8243; global_colors_info=&#8221;{}&#8221; theme_builder_area=&#8221;post_content&#8221; sticky_enabled=&#8221;0&#8243;][et_pb_blurb title=&#8221;@ET-DC@eyJkeW5hbWljIjp0cnVlLCJjb250ZW50IjoicG9zdF90aXRsZSIsInNldHRpbmdzIjp7ImJlZm9yZSI6IiIsImFmdGVyIjoiIn19@&#8221; content_max_width=&#8221;100%&#8221; _builder_version=&#8221;4.27.2&#8243; _module_preset=&#8221;default&#8221; header_font=&#8221;Barlow||||||||&#8221; header_text_align=&#8221;left&#8221; header_text_color=&#8221;#FFFFFF&#8221; header_font_size=&#8221;56px&#8221; header_line_height=&#8221;68px&#8221; body_text_color=&#8221;#f9f8f7&#8243; body_font_size=&#8221;18px&#8221; width=&#8221;100%&#8221; module_alignment=&#8221;left&#8221; custom_margin=&#8221;|0px|||false|false&#8221; custom_margin_tablet=&#8221;||||false|false&#8221; custom_margin_phone=&#8221;||||false|false&#8221; custom_margin_last_edited=&#8221;on|desktop&#8221; custom_padding=&#8221;|0px||0px|false|false&#8221; hover_enabled=&#8221;0&#8243; global_colors_info=&#8221;{}&#8221; theme_builder_area=&#8221;post_content&#8221; header_font_size_last_edited=&#8221;on|phone&#8221; sticky_enabled=&#8221;0&#8243; header_font_size_tablet=&#8221;30px&#8221; header_font_size_phone=&#8221;25px&#8221; header_line_height_last_edited=&#8221;on|desktop&#8221; header_line_height_phone=&#8221;33.6px&#8221; header_line_height_tablet=&#8221;34px&#8221; _dynamic_attributes=&#8221;title&#8221; width_last_edited=&#8221;on|desktop&#8221; width_tablet=&#8221;100%&#8221; width_phone=&#8221;100%&#8221;][\/et_pb_blurb][\/et_pb_column][\/et_pb_row][\/et_pb_section][et_pb_section fb_built=&#8221;1&#8243; theme_builder_area=&#8221;post_content&#8221; _builder_version=&#8221;4.27.2&#8243; _module_preset=&#8221;default&#8221; custom_padding=&#8221;70px|20px|70px|20px|false|false&#8221; hover_enabled=&#8221;0&#8243; sticky_enabled=&#8221;0&#8243; custom_padding_last_edited=&#8221;on|tablet&#8221; custom_padding_tablet=&#8221;20px||20px||false|false&#8221; locked=&#8221;off&#8221; custom_padding_phone=&#8221;20px||20px||false|false&#8221;][et_pb_row _builder_version=&#8221;4.27.2&#8243; _module_preset=&#8221;default&#8221; theme_builder_area=&#8221;post_content&#8221; hover_enabled=&#8221;0&#8243; sticky_enabled=&#8221;0&#8243; use_custom_gutter=&#8221;on&#8221; gutter_width=&#8221;1&#8243; max_width=&#8221;1140px&#8221; custom_padding=&#8221;0px|0px|0px||false|false&#8221; width=&#8221;100%&#8221; width_last_edited=&#8221;on|phone&#8221; width_tablet=&#8221;100%&#8221; width_phone=&#8221;100%&#8221;][et_pb_column _builder_version=&#8221;4.27.2&#8243; _module_preset=&#8221;default&#8221; type=&#8221;4_4&#8243; theme_builder_area=&#8221;post_content&#8221; custom_padding=&#8221;|20px|||false|false&#8221; hover_enabled=&#8221;0&#8243; sticky_enabled=&#8221;0&#8243; custom_padding_last_edited=&#8221;on|phone&#8221; custom_padding_tablet=&#8221;|0px|30px||false|false&#8221; custom_padding_phone=&#8221;|0px|30px||false|false&#8221;][et_pb_text _builder_version=&#8221;4.27.2&#8243; _module_preset=&#8221;default&#8221; theme_builder_area=&#8221;post_content&#8221; text_font=&#8221;&#8211;et_global_body_font||||||||&#8221; text_font_size=&#8221;16px&#8221; text_text_color=&#8221;#E02B20&#8243; text_line_height=&#8221;26px&#8221; hover_enabled=&#8221;0&#8243; sticky_enabled=&#8221;0&#8243; header_3_line_height=&#8221;1.6em&#8221; header_4_line_height=&#8221;1.7em&#8221; header_4_line_height_last_edited=&#8221;on|phone&#8221; header_4_line_height_phone=&#8221;1.5em&#8221; header_3_line_height_last_edited=&#8221;on|desktop&#8221; header_text_color=&#8221;#E02B20&#8243; header_4_text_color=&#8221;#E02B20&#8243; header_4_line_height_tablet=&#8221;1.7em&#8221; header_3_line_height_tablet=&#8221;1.6em&#8221; header_3_line_height_phone=&#8221;1.6em&#8221;]<\/p>\n<div id=\"sppb-addon-wrapper-1589793277342\" class=\"sppb-addon-wrapper\">\n<div id=\"sppb-addon-1589793277342\" class=\"clearfix \">\n<div class=\"sppb-addon sppb-addon-header sppb-text-left\">\n<h4 class=\"sppb-addon-title\">Atentionare CAS!<\/h4>\n<\/div>\n<\/div>\n<\/div>\n<div id=\"sppb-addon-wrapper-1589793277345\" class=\"sppb-addon-wrapper\">\n<div id=\"sppb-addon-1589793277345\" class=\"clearfix \">\n<div class=\"sppb-addon sppb-addon-text-block  \">\n<div class=\"sppb-addon-content\">\n<p>Va reamintim ca raportarile trebuie facute pana la terminarea lunii in curs &#8211;\u00a0intrucat nu se raporteaza banii de pe o luna pe alta in ultimul trimestru; raportarile trebuie sa fie exacte.<br \/>Urmariti pe siteul CAS-ului precizarile la zi cu sumele aferente fiecarui contract, pe luna noiembrie.<\/p>\n<\/div>\n<\/div>\n<\/div>\n<\/div>\n<p>[\/et_pb_text][et_pb_text _builder_version=&#8221;4.27.2&#8243; _module_preset=&#8221;default&#8221; theme_builder_area=&#8221;post_content&#8221; text_font=&#8221;&#8211;et_global_body_font||||||||&#8221; text_font_size=&#8221;16px&#8221; text_text_color=&#8221;#595959&#8243; text_line_height=&#8221;26px&#8221; hover_enabled=&#8221;0&#8243; sticky_enabled=&#8221;0&#8243; header_3_line_height=&#8221;1.6em&#8221; header_4_line_height=&#8221;1.7em&#8221; header_4_line_height_last_edited=&#8221;on|phone&#8221; header_4_line_height_phone=&#8221;1.5em&#8221; header_3_line_height_last_edited=&#8221;on|desktop&#8221; locked=&#8221;off&#8221; custom_margin_last_edited=&#8221;on|desktop&#8221; custom_margin=&#8221;20px||||false|false&#8221; header_4_line_height_tablet=&#8221;1.7em&#8221; header_3_line_height_tablet=&#8221;1.6em&#8221; header_3_line_height_phone=&#8221;1.6em&#8221; custom_margin_tablet=&#8221;20px||||false|false&#8221; custom_margin_phone=&#8221;20px||||false|false&#8221;]<\/p>\n<p><span>Departamentul de rela\u021bii cu CAS al Colegiului Medicilor Denti\u0219ti Bihor a \u00eencercat de-a lungul timpului s\u0103 stabileasc\u0103 o colaborare cu reprezentan\u021bii Casei de Asigur\u0103ri jude\u021bene, \u00eens\u0103 \u00een cele mai multe cazuri rezultatele nu au fost pe m\u0103sura a\u0219tept\u0103rilor noastre. Acest lucru se datoreaz\u0103 \u00een primul r\u00e2nd faptului ca majoritatea deciziilor vin de la nivel central. Totu\u0219i, putem vorbi de o \u00eembun\u0103t\u0103\u021bire a organiz\u0103rii serviciului de preluare raport\u0103ri, fapt care ne face s\u0103 nu mai pierdem at\u00e2t de mult timp la biroul de preluare raport\u0103ri lunare.<\/span><\/p>\n<p><span>Trebuie precizat c\u0103 rela\u021bia contractual\u0103 cu CAS Bihor (pentru cei care nu au avut \u00eenc\u0103 acest &#8220;PRIVILEGIU&#8221;) este una destul de bizar\u0103. Iat\u0103 c\u00e2teva din aceste aspecte:\u00a0<\/span><\/p>\n<p><span>&#8211;\u00a0<\/span><span style=\"text-decoration: underline;\">La \u00eenceputul fiec\u0103rui an ni se precizeaz\u0103 c\u0103 trebuie \u00eentocmite noi contracte<\/span><span><span style=\"text-decoration: underline;\">.<\/span> \u00cen acest sens ni se solicit\u0103 toate documentele firmei (\u00een fiecare an din nou toate, explicatia fiind c\u0103 actele din anul precedent sunt arhivate \u0219i nu au acces la ele&#8230;), plus acte care s\u0103 ateste c\u0103 sunt pl\u0103tite contribu\u021biile c\u0103tre s\u0103n\u0103tate la zi (dup\u0103 caz \u2013 ordine de plat\u0103 pentru S.R.L.-uri, respectiv adeverin\u021be emise de CAS pentru C.M.I.-uri). Dupa ce am dus actele ni se d\u0103 spre semnare un contract, la care nu putem face obiec\u021biuni \u0219i nici modific\u0103ri ale unor paragrafe cu care nu suntem de acord. Orice modificare pe care CAS o face de-a lungul anului face obiectul unor acte adi\u021bionale pe care de asemenea le semn\u0103m f\u0103r\u0103 posibilitate de obiectare.<\/span><\/p>\n<p><span>&#8211;\u00a0<\/span><span style=\"text-decoration: underline;\">La \u00eenceputul fiec\u0103rui an furnizorul aflat \u00een rela\u021bie contractual\u0103 cu CAS raporteaz\u0103 un program de lucru<\/span><span><span style=\"text-decoration: underline;\">,<\/span> program care poate fi verificat de c\u0103tre CAS \u00een controale inopinate.<\/span><\/p>\n<p><span>&#8211;\u00a0<\/span><span style=\"text-decoration: underline;\">Tarifele pe care CAS le impune sunt sub pre\u021bul de cost al manoperelor stomatologice actuale<\/span><span>. Suplimentar pre\u021burilor stabilite de CAS nu se poate percepe coplat\u0103 din partea pacientului.<\/span><\/p>\n<p><span>&#8211;\u00a0<\/span><span style=\"text-decoration: underline;\">Fiecare furnizor de servicii de medicin\u0103 dentar\u0103 are stabilit un plafon lunar<\/span><span>\u00a0\u00een care se poate \u00eencadra pentru efectuarea manoperelor. La epuizarea plafonului pacien\u021bii care solicit\u0103 tratament trebuie \u00een\u0219tiin\u021ba\u021bi c\u0103 vor fi nota\u021bi pe o list\u0103 de a\u0219teptare pentru luna urm\u0103toare. E destul de greu s\u0103 explici unei persoane cu o pulpit\u0103 total\u0103 s\u0103 a\u0219tepte p\u00e2n\u0103 luna viitoare pentru tratament compensat.<\/span><\/p>\n<p><span>&#8211;<\/span><span>\u00a0<span style=\"text-decoration: underline;\">La fiecare 2 ani trebuie re\u00eennoit\u0103 evaluarea cabinetelor<\/span><\/span><span>, ceea ce presupune o tax\u0103 \u0219i un control, de aceast\u0103 dat\u0103 anun\u021bat, al reprezentan\u021bilor CAS Bihor .<\/span><\/p>\n<p><span>Pentru a intra \u00een rela\u021bie contractual\u0103 cu CAS Bihor v\u0103 sf\u0103tuim s\u0103 v\u0103 \u00eenarma\u021bi cu mult\u0103 r\u0103bdare, s\u0103 parcurge\u021bi site-ul CAS BIHOR \u2013\u00a0<\/span><a href=\"http:\/\/casbh.rdsor.ro\/redirect\/\">www.casbh.rdsor.ro<\/a><span>, s\u0103 discuta\u021bi eventual cu al\u021bi colegi pe care \u00eei g\u0103si\u021bi pe site-ul mai sus precizat la furnizori de medicin\u0103 dentar\u0103 \u0219i nu \u00een ultimul r\u00e2nd s\u0103 apela\u021bi la Colegiul Medicilor Denti\u0219ti Bihor pentru orice nel\u0103muriri sau \u00eentreb\u0103ri.<\/span><\/p>\n<p>[\/et_pb_text][\/et_pb_column][\/et_pb_row][\/et_pb_section]<\/p>\n","protected":false},"excerpt":{"rendered":"<p>Atentionare CAS! Va reamintim ca raportarile trebuie facute pana la terminarea lunii in curs &#8211;\u00a0intrucat nu se raporteaza banii de pe o luna pe alta in ultimul trimestru; raportarile trebuie sa fie exacte.Urmariti pe siteul CAS-ului precizarile la zi cu sumele aferente fiecarui contract, pe luna noiembrie. Departamentul de rela\u021bii cu CAS al Colegiului Medicilor Denti\u0219ti Bihor a \u00eencercat de-a lungul timpului s\u0103 stabileasc\u0103 o colaborare cu reprezentan\u021bii Casei de Asigur\u0103ri jude\u021bene, \u00eens\u0103 \u00een cele mai multe cazuri rezultatele nu au fost pe m\u0103sura a\u0219tept\u0103rilor noastre. Acest lucru se datoreaz\u0103 \u00een primul r\u00e2nd faptului ca majoritatea deciziilor vin de la nivel central. Totu\u0219i, putem vorbi de o \u00eembun\u0103t\u0103\u021bire a organiz\u0103rii serviciului de preluare raport\u0103ri, fapt care ne face s\u0103 nu mai pierdem at\u00e2t de mult timp la biroul de preluare raport\u0103ri lunare. Trebuie precizat c\u0103 rela\u021bia contractual\u0103 cu CAS Bihor (pentru cei care nu au avut \u00eenc\u0103 acest &#8220;PRIVILEGIU&#8221;) este una destul de bizar\u0103. Iat\u0103 c\u00e2teva din aceste aspecte:\u00a0 &#8211;\u00a0La \u00eenceputul fiec\u0103rui an ni se precizeaz\u0103 c\u0103 trebuie \u00eentocmite noi contracte. \u00cen acest sens ni se solicit\u0103 toate documentele firmei (\u00een fiecare an din nou toate, explicatia fiind c\u0103 actele din anul precedent sunt arhivate \u0219i nu au acces la [&hellip;]<\/p>\n","protected":false},"author":1,"featured_media":0,"parent":17,"menu_order":0,"comment_status":"closed","ping_status":"closed","template":"","meta":{"_et_pb_use_builder":"on","_et_pb_old_content":"<!-- wp:divi\/placeholder \/-->","_et_gb_content_width":"","footnotes":""},"class_list":["post-34","page","type-page","status-publish","hentry"],"_links":{"self":[{"href":"https:\/\/cmsbh.ro\/index.php\/wp-json\/wp\/v2\/pages\/34","targetHints":{"allow":["GET"]}}],"collection":[{"href":"https:\/\/cmsbh.ro\/index.php\/wp-json\/wp\/v2\/pages"}],"about":[{"href":"https:\/\/cmsbh.ro\/index.php\/wp-json\/wp\/v2\/types\/page"}],"author":[{"embeddable":true,"href":"https:\/\/cmsbh.ro\/index.php\/wp-json\/wp\/v2\/users\/1"}],"replies":[{"embeddable":true,"href":"https:\/\/cmsbh.ro\/index.php\/wp-json\/wp\/v2\/comments?post=34"}],"version-history":[{"count":4,"href":"https:\/\/cmsbh.ro\/index.php\/wp-json\/wp\/v2\/pages\/34\/revisions"}],"predecessor-version":[{"id":280,"href":"https:\/\/cmsbh.ro\/index.php\/wp-json\/wp\/v2\/pages\/34\/revisions\/280"}],"up":[{"embeddable":true,"href":"https:\/\/cmsbh.ro\/index.php\/wp-json\/wp\/v2\/pages\/17"}],"wp:attachment":[{"href":"https:\/\/cmsbh.ro\/index.php\/wp-json\/wp\/v2\/media?parent=34"}],"curies":[{"name":"wp","href":"https:\/\/api.w.org\/{rel}","templated":true}]}}