{"id":27,"date":"2024-10-04T09:46:50","date_gmt":"2024-10-04T09:46:50","guid":{"rendered":"https:\/\/cmsbh.ro\/?page_id=27"},"modified":"2024-10-06T09:43:05","modified_gmt":"2024-10-06T09:43:05","slug":"relationarea-cu-tehnicianul-dentar","status":"publish","type":"page","link":"https:\/\/cmsbh.ro\/index.php\/pentru-colegi\/relationarea-cu-tehnicianul-dentar\/","title":{"rendered":"Rela\u021bionarea cu tehnicianul dentar"},"content":{"rendered":"<p>[et_pb_section fb_built=&#8221;1&#8243; theme_builder_area=&#8221;post_content&#8221; _builder_version=&#8221;4.27.2&#8243; _module_preset=&#8221;default&#8221;][\/et_pb_section][et_pb_section fb_built=&#8221;1&#8243; _builder_version=&#8221;4.27.2&#8243; _module_preset=&#8221;default&#8221; background_color=&#8221;gcid-primary-color&#8221; hover_enabled=&#8221;0&#8243; global_colors_info=&#8221;{%22gcid-primary-color%22:%91%22background_color%22%93}&#8221; locked=&#8221;off&#8221; theme_builder_area=&#8221;post_content&#8221; custom_padding=&#8221;70px|20px|70px|20px|false|false&#8221; sticky_enabled=&#8221;0&#8243; custom_padding_last_edited=&#8221;on|phone&#8221; custom_padding_tablet=&#8221;40px||40px||false|false&#8221; custom_padding_phone=&#8221;40px||40px||false|false&#8221;][et_pb_row _builder_version=&#8221;4.27.2&#8243; _module_preset=&#8221;default&#8221; width=&#8221;100%&#8221; max_width=&#8221;1140px&#8221; hover_enabled=&#8221;0&#8243; global_colors_info=&#8221;{}&#8221; theme_builder_area=&#8221;post_content&#8221; sticky_enabled=&#8221;0&#8243; custom_padding=&#8221;0px|0px|0px||false|false&#8221; custom_margin=&#8221;||||false|false&#8221;][et_pb_column type=&#8221;4_4&#8243; _builder_version=&#8221;4.27.2&#8243; _module_preset=&#8221;default&#8221; hover_enabled=&#8221;0&#8243; global_colors_info=&#8221;{}&#8221; theme_builder_area=&#8221;post_content&#8221; sticky_enabled=&#8221;0&#8243;][et_pb_blurb title=&#8221;@ET-DC@eyJkeW5hbWljIjp0cnVlLCJjb250ZW50IjoicG9zdF90aXRsZSIsInNldHRpbmdzIjp7ImJlZm9yZSI6IiIsImFmdGVyIjoiIn19@&#8221; content_max_width=&#8221;100%&#8221; _builder_version=&#8221;4.27.2&#8243; _module_preset=&#8221;default&#8221; header_font=&#8221;Barlow||||||||&#8221; header_text_align=&#8221;left&#8221; header_text_color=&#8221;#FFFFFF&#8221; header_font_size=&#8221;56px&#8221; header_line_height=&#8221;68px&#8221; body_text_color=&#8221;#f9f8f7&#8243; body_font_size=&#8221;18px&#8221; width=&#8221;100%&#8221; module_alignment=&#8221;left&#8221; custom_margin=&#8221;|0px|||false|false&#8221; custom_margin_tablet=&#8221;||||false|false&#8221; custom_margin_phone=&#8221;||||false|false&#8221; custom_margin_last_edited=&#8221;on|desktop&#8221; custom_padding=&#8221;|0px||0px|false|false&#8221; hover_enabled=&#8221;0&#8243; global_colors_info=&#8221;{}&#8221; theme_builder_area=&#8221;post_content&#8221; header_font_size_last_edited=&#8221;on|phone&#8221; sticky_enabled=&#8221;0&#8243; header_font_size_tablet=&#8221;30px&#8221; header_font_size_phone=&#8221;25px&#8221; header_line_height_last_edited=&#8221;on|desktop&#8221; header_line_height_phone=&#8221;33.6px&#8221; header_line_height_tablet=&#8221;34px&#8221; _dynamic_attributes=&#8221;title&#8221; width_last_edited=&#8221;on|desktop&#8221; width_tablet=&#8221;100%&#8221; width_phone=&#8221;100%&#8221;][\/et_pb_blurb][\/et_pb_column][\/et_pb_row][\/et_pb_section][et_pb_section fb_built=&#8221;1&#8243; theme_builder_area=&#8221;post_content&#8221; _builder_version=&#8221;4.27.2&#8243; _module_preset=&#8221;default&#8221; custom_padding=&#8221;70px|20px|70px|20px|false|false&#8221; hover_enabled=&#8221;0&#8243; sticky_enabled=&#8221;0&#8243; custom_padding_last_edited=&#8221;on|tablet&#8221; custom_padding_tablet=&#8221;20px||20px||false|false&#8221; locked=&#8221;off&#8221; custom_padding_phone=&#8221;20px||20px||false|false&#8221;][et_pb_row _builder_version=&#8221;4.27.2&#8243; _module_preset=&#8221;default&#8221; theme_builder_area=&#8221;post_content&#8221; column_structure=&#8221;2_3,1_3&#8243; hover_enabled=&#8221;0&#8243; sticky_enabled=&#8221;0&#8243; use_custom_gutter=&#8221;on&#8221; gutter_width=&#8221;1&#8243; max_width=&#8221;1140px&#8221; custom_padding=&#8221;0px||0px||false|false&#8221; width=&#8221;100%&#8221; width_last_edited=&#8221;on|phone&#8221; width_tablet=&#8221;100%&#8221; width_phone=&#8221;100%&#8221;][et_pb_column _builder_version=&#8221;4.27.2&#8243; _module_preset=&#8221;default&#8221; type=&#8221;2_3&#8243; theme_builder_area=&#8221;post_content&#8221; custom_padding=&#8221;|20px|||false|false&#8221; hover_enabled=&#8221;0&#8243; sticky_enabled=&#8221;0&#8243; custom_padding_last_edited=&#8221;on|phone&#8221; custom_padding_tablet=&#8221;|0px|30px||false|false&#8221; custom_padding_phone=&#8221;|0px|30px||false|false&#8221;][et_pb_heading title=&#8221;Rela\u021bionarea cu tehnicianul dentar&#8221; _builder_version=&#8221;4.27.2&#8243; _module_preset=&#8221;default&#8221; title_font=&#8221;Barlow||||||||&#8221; title_font_size=&#8221;44px&#8221; title_line_height=&#8221;56px&#8221; custom_margin=&#8221;||11px|||&#8221; custom_padding=&#8221;|0px|||false|false&#8221; custom_padding_tablet=&#8221;|100px|||false|false&#8221; custom_padding_phone=&#8221;|100px|||false|false&#8221; custom_padding_last_edited=&#8221;on|desktop&#8221; hover_enabled=&#8221;0&#8243; title_font_size_tablet=&#8221;30px&#8221; title_font_size_phone=&#8221;30px&#8221; title_font_size_last_edited=&#8221;on|phone&#8221; locked=&#8221;off&#8221; global_colors_info=&#8221;{}&#8221; theme_builder_area=&#8221;post_content&#8221; sticky_enabled=&#8221;0&#8243; title_text_align=&#8221;left&#8221;][\/et_pb_heading][et_pb_text _builder_version=&#8221;4.27.2&#8243; _module_preset=&#8221;default&#8221; theme_builder_area=&#8221;post_content&#8221; text_font=&#8221;&#8211;et_global_body_font||||||||&#8221; text_font_size=&#8221;16px&#8221; text_text_color=&#8221;#595959&#8243; text_line_height=&#8221;26px&#8221; hover_enabled=&#8221;0&#8243; sticky_enabled=&#8221;0&#8243; header_3_line_height=&#8221;1.6em&#8221; header_4_line_height=&#8221;1.7em&#8221; header_4_line_height_last_edited=&#8221;on|phone&#8221; header_4_line_height_phone=&#8221;1.5em&#8221; header_3_line_height_last_edited=&#8221;on|desktop&#8221; header_4_line_height_tablet=&#8221;1.7em&#8221; header_3_line_height_tablet=&#8221;1.6em&#8221; header_3_line_height_phone=&#8221;1.6em&#8221;]<\/p>\n<p><span>Cu toat\u0103 evolu\u021bia rapid\u0103 \u0219i promi\u021b\u0103toare a tehnicilor CAD\/CAM \u0219i a tehnologiilor de fabricare aditiv\u0103, tehnicianul dentar este, \u00eenc\u0103, colaboratorul nostru indispensabil pentru succesul reabilit\u0103rilor protetice.\u00a0<\/span><\/p>\n<p><span>Pentru stabilirea unei rela\u021bii cabinet-laborator dentar corecte, eficiente \u0219i generatoare de c\u00e2t mai pu\u021bine tahicardii, v\u0103 recomand\u0103m:<\/span><\/p>\n<ul>\n<li>alege\u021bi-v\u0103 un laborator dentar (<span><em><strong>lista tehnicienilor dentari din jude\u021bul Bihor<\/strong><\/em><\/span>)<\/li>\n<li>trimite\u021bi laboratorului o prepara\u021bie si o amprent\u0103 c\u00e2t mai apropiate de ideal<\/li>\n<li>\u00eentocmi\u021bi pentru fiecare lucrare protetic\u0103 o<span>\u00a0<\/span><span><em><strong>fi\u0219\u0103 de comand\u0103<\/strong><\/em><\/span>\u00a0, c\u00e2t mai complet\u0103<\/li>\n<li>trimite\u021bi laboratorului fotografii relevante pentru orientarea estetic\u0103 a tehnicianului<\/li>\n<li>stabili\u021bi de la \u00eenceput data \u0219edin\u021belor de prob\u0103 \u0219i de finalizare a lucr\u0103rii<\/li>\n<li>\u00eentocmi\u021bi un<span>\u00a0<\/span><span><em><strong>contract de colaborare<\/strong><\/em><\/span><span>\u00a0<\/span>\u00eentre cabinet \u0219i laboratorul dentar.<\/li>\n<li>solicita\u021bi laboratorului un<span>\u00a0<\/span><span><em><strong>certificat de conformitate<\/strong><\/em><\/span><span>\u00a0<\/span>pentru lucr\u0103rile realizate.<\/li>\n<li>solicita\u021bi laboratorului factur\u0103 care s\u0103 con\u021bin\u0103 (\u00een special pentru CAS) detalii despre tipul lucr\u0103rii protetice \u0219i numele pacientului).\u00a0<\/li>\n<li>c\u00e2nd v\u0103 permite programul, asista\u021bi \u00een laborator la realizarea fazelor tehnnice pentru a \u00eentelege pe deplin posibilit\u0103\u021bile \u0219i limitele acestora \u0219i pentru consolidarea rela\u021biei de \u00eencredere cu tehnicianul.<\/li>\n<\/ul>\n<p>[\/et_pb_text][\/et_pb_column][et_pb_column _builder_version=&#8221;4.27.2&#8243; _module_preset=&#8221;default&#8221; type=&#8221;1_3&#8243; theme_builder_area=&#8221;post_content&#8221; background_color=&#8221;#f3f8fe&#8221; hover_enabled=&#8221;0&#8243; sticky_enabled=&#8221;0&#8243; custom_padding=&#8221;30px|30px|30px|30px|false|false&#8221; custom_padding_last_edited=&#8221;on|tablet&#8221; custom_padding_phone=&#8221;15px|15px|15px|15px|false|false&#8221; custom_padding_tablet=&#8221;20px|20px|20px|20px|false|false&#8221;][et_pb_heading title=&#8221;Documente<br \/>\n&#8221; _builder_version=&#8221;4.27.2&#8243; _module_preset=&#8221;default&#8221; title_font=&#8221;Barlow||||||||&#8221; title_font_size=&#8221;44px&#8221; title_line_height=&#8221;56px&#8221; custom_margin=&#8221;||11px|||&#8221; custom_padding=&#8221;|0px|||false|false&#8221; custom_padding_tablet=&#8221;|100px|||false|false&#8221; custom_padding_phone=&#8221;|100px|||false|false&#8221; custom_padding_last_edited=&#8221;on|desktop&#8221; hover_enabled=&#8221;0&#8243; title_font_size_tablet=&#8221;30px&#8221; title_font_size_phone=&#8221;30px&#8221; title_font_size_last_edited=&#8221;on|phone&#8221; locked=&#8221;off&#8221; global_colors_info=&#8221;{}&#8221; theme_builder_area=&#8221;post_content&#8221; sticky_enabled=&#8221;0&#8243; title_text_align=&#8221;left&#8221;][\/et_pb_heading][et_pb_button button_text=&#8221;Lista tehnicienilor dentari din jude\u021bul Bihor&#8221; _builder_version=&#8221;4.27.2&#8243; _module_preset=&#8221;default&#8221; theme_builder_area=&#8221;post_content&#8221; button_alignment=&#8221;left&#8221; custom_button=&#8221;on&#8221; button_text_size=&#8221;14px&#8221; global_colors_info=&#8221;{%22gcid-primary-color%22:%91%22button_text_color%22%93}&#8221; button_text_color=&#8221;gcid-primary-color&#8221; button_bg_color=&#8221;#FFFFFF&#8221; button_bg_enable_color=&#8221;on&#8221; button_border_width=&#8221;1px&#8221; button_border_color=&#8221;#f7f7f7&#8243; button_font=&#8221;&#8211;et_global_body_font||||||||&#8221; button_use_icon=&#8221;off&#8221; custom_padding=&#8221;10px|20px|10px|20px|false|false&#8221; hover_enabled=&#8221;0&#8243; sticky_enabled=&#8221;0&#8243; button_url=&#8221;https:\/\/cmsbh.ro\/wp-content\/uploads\/2024\/10\/lista-tehnicieni-dentari-bihor.doc&#8221; custom_margin=&#8221;||12px||false|false&#8221;][\/et_pb_button][et_pb_button button_text=&#8221;Fi\u0219\u0103 de comand\u0103&#8221; _builder_version=&#8221;4.27.2&#8243; _module_preset=&#8221;default&#8221; theme_builder_area=&#8221;post_content&#8221; button_alignment=&#8221;left&#8221; custom_button=&#8221;on&#8221; button_text_size=&#8221;14px&#8221; global_colors_info=&#8221;{%22gcid-primary-color%22:%91%22button_text_color%22%93}&#8221; button_text_color=&#8221;gcid-primary-color&#8221; button_bg_color=&#8221;#FFFFFF&#8221; button_bg_enable_color=&#8221;on&#8221; button_border_width=&#8221;1px&#8221; button_border_color=&#8221;#f7f7f7&#8243; button_font=&#8221;&#8211;et_global_body_font||||||||&#8221; button_use_icon=&#8221;off&#8221; custom_padding=&#8221;10px|20px|10px|20px|false|false&#8221; hover_enabled=&#8221;0&#8243; sticky_enabled=&#8221;0&#8243; button_url=&#8221;https:\/\/cmsbh.ro\/wp-content\/uploads\/2024\/10\/fisa-laborator.pdf&#8221; custom_margin=&#8221;||12px||false|false&#8221;][\/et_pb_button][et_pb_button button_text=&#8221;Contract de colaborare \u00eentre cabinet \u0219i laboratorul dentar&#8221; _builder_version=&#8221;4.27.2&#8243; _module_preset=&#8221;default&#8221; theme_builder_area=&#8221;post_content&#8221; button_alignment=&#8221;left&#8221; custom_button=&#8221;on&#8221; button_text_size=&#8221;14px&#8221; global_colors_info=&#8221;{%22gcid-primary-color%22:%91%22button_text_color%22%93}&#8221; button_text_color=&#8221;gcid-primary-color&#8221; button_bg_color=&#8221;#FFFFFF&#8221; button_bg_enable_color=&#8221;on&#8221; button_border_width=&#8221;1px&#8221; button_border_color=&#8221;#f7f7f7&#8243; button_font=&#8221;&#8211;et_global_body_font||||||||&#8221; button_use_icon=&#8221;off&#8221; custom_padding=&#8221;10px|20px|10px|20px|false|false&#8221; hover_enabled=&#8221;0&#8243; sticky_enabled=&#8221;0&#8243; button_url=&#8221;https:\/\/cmsbh.ro\/wp-content\/uploads\/2024\/10\/contract-prestari-servicii-medic-tehnician.doc&#8221; custom_margin=&#8221;||12px||false|false&#8221;][\/et_pb_button][et_pb_button button_text=&#8221;Certificat de conformitate&#8221; _builder_version=&#8221;4.27.2&#8243; _module_preset=&#8221;default&#8221; theme_builder_area=&#8221;post_content&#8221; button_alignment=&#8221;left&#8221; custom_button=&#8221;on&#8221; button_text_size=&#8221;14px&#8221; global_colors_info=&#8221;{%22gcid-primary-color%22:%91%22button_text_color%22%93}&#8221; button_text_color=&#8221;gcid-primary-color&#8221; button_bg_color=&#8221;#FFFFFF&#8221; button_bg_enable_color=&#8221;on&#8221; button_border_width=&#8221;1px&#8221; button_border_color=&#8221;#f7f7f7&#8243; button_font=&#8221;&#8211;et_global_body_font||||||||&#8221; button_use_icon=&#8221;off&#8221; custom_padding=&#8221;10px|20px|10px|20px|false|false&#8221; hover_enabled=&#8221;0&#8243; sticky_enabled=&#8221;0&#8243; button_url=&#8221;https:\/\/cmsbh.ro\/wp-content\/uploads\/2024\/10\/certificat_conformitate_lucrari_dentare.pdf&#8221; custom_margin=&#8221;||12px||false|false&#8221;][\/et_pb_button][\/et_pb_column][\/et_pb_row][\/et_pb_section]<\/p>\n","protected":false},"excerpt":{"rendered":"<p>Cu toat\u0103 evolu\u021bia rapid\u0103 \u0219i promi\u021b\u0103toare a tehnicilor CAD\/CAM \u0219i a tehnologiilor de fabricare aditiv\u0103, tehnicianul dentar este, \u00eenc\u0103, colaboratorul nostru indispensabil pentru succesul reabilit\u0103rilor protetice.\u00a0 Pentru stabilirea unei rela\u021bii cabinet-laborator dentar corecte, eficiente \u0219i generatoare de c\u00e2t mai pu\u021bine tahicardii, v\u0103 recomand\u0103m: alege\u021bi-v\u0103 un laborator dentar (lista tehnicienilor dentari din jude\u021bul Bihor) trimite\u021bi laboratorului o prepara\u021bie si o amprent\u0103 c\u00e2t mai apropiate de ideal \u00eentocmi\u021bi pentru fiecare lucrare protetic\u0103 o\u00a0fi\u0219\u0103 de comand\u0103\u00a0, c\u00e2t mai complet\u0103 trimite\u021bi laboratorului fotografii relevante pentru orientarea estetic\u0103 a tehnicianului stabili\u021bi de la \u00eenceput data \u0219edin\u021belor de prob\u0103 \u0219i de finalizare a lucr\u0103rii \u00eentocmi\u021bi un\u00a0contract de colaborare\u00a0\u00eentre cabinet \u0219i laboratorul dentar. solicita\u021bi laboratorului un\u00a0certificat de conformitate\u00a0pentru lucr\u0103rile realizate. solicita\u021bi laboratorului factur\u0103 care s\u0103 con\u021bin\u0103 (\u00een special pentru CAS) detalii despre tipul lucr\u0103rii protetice \u0219i numele pacientului).\u00a0 c\u00e2nd v\u0103 permite programul, asista\u021bi \u00een laborator la realizarea fazelor tehnnice pentru a \u00eentelege pe deplin posibilit\u0103\u021bile \u0219i limitele acestora \u0219i pentru consolidarea rela\u021biei de \u00eencredere cu tehnicianul.<\/p>\n","protected":false},"author":1,"featured_media":0,"parent":17,"menu_order":0,"comment_status":"closed","ping_status":"closed","template":"","meta":{"_et_pb_use_builder":"on","_et_pb_old_content":"<!-- wp:divi\/placeholder \/-->","_et_gb_content_width":"","footnotes":""},"class_list":["post-27","page","type-page","status-publish","hentry"],"_links":{"self":[{"href":"https:\/\/cmsbh.ro\/index.php\/wp-json\/wp\/v2\/pages\/27","targetHints":{"allow":["GET"]}}],"collection":[{"href":"https:\/\/cmsbh.ro\/index.php\/wp-json\/wp\/v2\/pages"}],"about":[{"href":"https:\/\/cmsbh.ro\/index.php\/wp-json\/wp\/v2\/types\/page"}],"author":[{"embeddable":true,"href":"https:\/\/cmsbh.ro\/index.php\/wp-json\/wp\/v2\/users\/1"}],"replies":[{"embeddable":true,"href":"https:\/\/cmsbh.ro\/index.php\/wp-json\/wp\/v2\/comments?post=27"}],"version-history":[{"count":4,"href":"https:\/\/cmsbh.ro\/index.php\/wp-json\/wp\/v2\/pages\/27\/revisions"}],"predecessor-version":[{"id":262,"href":"https:\/\/cmsbh.ro\/index.php\/wp-json\/wp\/v2\/pages\/27\/revisions\/262"}],"up":[{"embeddable":true,"href":"https:\/\/cmsbh.ro\/index.php\/wp-json\/wp\/v2\/pages\/17"}],"wp:attachment":[{"href":"https:\/\/cmsbh.ro\/index.php\/wp-json\/wp\/v2\/media?parent=27"}],"curies":[{"name":"wp","href":"https:\/\/api.w.org\/{rel}","templated":true}]}}