{"id":15,"date":"2024-10-04T09:44:46","date_gmt":"2024-10-04T09:44:46","guid":{"rendered":"https:\/\/cmsbh.ro\/?page_id=15"},"modified":"2024-10-06T09:43:05","modified_gmt":"2024-10-06T09:43:05","slug":"specializari-competente","status":"publish","type":"page","link":"https:\/\/cmsbh.ro\/index.php\/pentru-colegi\/specializari-competente\/","title":{"rendered":"Specializ\u0103ri \/ competen\u021be"},"content":{"rendered":"<p>[et_pb_section fb_built=&#8221;1&#8243; _builder_version=&#8221;4.27.2&#8243; _module_preset=&#8221;default&#8221; background_color=&#8221;gcid-primary-color&#8221; hover_enabled=&#8221;0&#8243; global_colors_info=&#8221;{%22gcid-primary-color%22:%91%22background_color%22%93}&#8221; locked=&#8221;off&#8221; theme_builder_area=&#8221;post_content&#8221; custom_padding=&#8221;70px|20px|70px|20px|false|false&#8221; sticky_enabled=&#8221;0&#8243; custom_padding_last_edited=&#8221;on|phone&#8221; custom_padding_tablet=&#8221;40px||40px||false|false&#8221; custom_padding_phone=&#8221;40px||40px||false|false&#8221;][et_pb_row _builder_version=&#8221;4.27.2&#8243; _module_preset=&#8221;default&#8221; width=&#8221;100%&#8221; max_width=&#8221;1140px&#8221; hover_enabled=&#8221;0&#8243; global_colors_info=&#8221;{}&#8221; theme_builder_area=&#8221;post_content&#8221; sticky_enabled=&#8221;0&#8243; custom_padding=&#8221;0px|0px|0px||false|false&#8221; custom_margin=&#8221;||||false|false&#8221;][et_pb_column type=&#8221;4_4&#8243; _builder_version=&#8221;4.27.2&#8243; _module_preset=&#8221;default&#8221; hover_enabled=&#8221;0&#8243; global_colors_info=&#8221;{}&#8221; theme_builder_area=&#8221;post_content&#8221; sticky_enabled=&#8221;0&#8243;][et_pb_blurb title=&#8221;@ET-DC@eyJkeW5hbWljIjp0cnVlLCJjb250ZW50IjoicG9zdF90aXRsZSIsInNldHRpbmdzIjp7ImJlZm9yZSI6IiIsImFmdGVyIjoiIn19@&#8221; content_max_width=&#8221;100%&#8221; _builder_version=&#8221;4.27.2&#8243; _module_preset=&#8221;default&#8221; header_font=&#8221;Barlow||||||||&#8221; header_text_align=&#8221;left&#8221; header_text_color=&#8221;#FFFFFF&#8221; header_font_size=&#8221;56px&#8221; header_line_height=&#8221;68px&#8221; body_text_color=&#8221;#f9f8f7&#8243; body_font_size=&#8221;18px&#8221; width=&#8221;100%&#8221; module_alignment=&#8221;left&#8221; custom_margin=&#8221;|0px|||false|false&#8221; custom_margin_tablet=&#8221;||||false|false&#8221; custom_margin_phone=&#8221;||||false|false&#8221; custom_margin_last_edited=&#8221;on|desktop&#8221; custom_padding=&#8221;|0px||0px|false|false&#8221; hover_enabled=&#8221;0&#8243; global_colors_info=&#8221;{}&#8221; theme_builder_area=&#8221;post_content&#8221; header_font_size_last_edited=&#8221;on|phone&#8221; sticky_enabled=&#8221;0&#8243; header_font_size_tablet=&#8221;30px&#8221; header_font_size_phone=&#8221;25px&#8221; header_line_height_last_edited=&#8221;on|desktop&#8221; header_line_height_phone=&#8221;33.6px&#8221; header_line_height_tablet=&#8221;34px&#8221; _dynamic_attributes=&#8221;title&#8221; width_last_edited=&#8221;on|desktop&#8221; width_tablet=&#8221;100%&#8221; width_phone=&#8221;100%&#8221;][\/et_pb_blurb][\/et_pb_column][\/et_pb_row][\/et_pb_section][et_pb_section fb_built=&#8221;1&#8243; theme_builder_area=&#8221;post_content&#8221; _builder_version=&#8221;4.27.2&#8243; _module_preset=&#8221;default&#8221; custom_padding=&#8221;70px|20px|70px|20px|false|false&#8221; hover_enabled=&#8221;0&#8243; sticky_enabled=&#8221;0&#8243; custom_padding_last_edited=&#8221;on|tablet&#8221; custom_padding_tablet=&#8221;20px||20px||false|false&#8221; locked=&#8221;off&#8221; custom_padding_phone=&#8221;20px||20px||false|false&#8221;][et_pb_row _builder_version=&#8221;4.27.2&#8243; _module_preset=&#8221;default&#8221; theme_builder_area=&#8221;post_content&#8221; column_structure=&#8221;2_3,1_3&#8243; hover_enabled=&#8221;0&#8243; sticky_enabled=&#8221;0&#8243; use_custom_gutter=&#8221;on&#8221; gutter_width=&#8221;1&#8243; max_width=&#8221;1140px&#8221; custom_padding=&#8221;0px||0px||false|false&#8221; width=&#8221;100%&#8221; width_last_edited=&#8221;on|phone&#8221; width_tablet=&#8221;100%&#8221; width_phone=&#8221;100%&#8221;][et_pb_column _builder_version=&#8221;4.27.2&#8243; _module_preset=&#8221;default&#8221; type=&#8221;2_3&#8243; theme_builder_area=&#8221;post_content&#8221; custom_padding=&#8221;|20px|||false|false&#8221; hover_enabled=&#8221;0&#8243; sticky_enabled=&#8221;0&#8243; custom_padding_last_edited=&#8221;on|phone&#8221; custom_padding_tablet=&#8221;|0px|30px||false|false&#8221; custom_padding_phone=&#8221;|0px|30px||false|false&#8221;][et_pb_heading title=&#8221;Specializ\u0103rile \u0219i gradele profesionale&#8221; _builder_version=&#8221;4.27.2&#8243; _module_preset=&#8221;default&#8221; title_font=&#8221;Barlow||||||||&#8221; title_font_size=&#8221;44px&#8221; title_line_height=&#8221;56px&#8221; custom_margin=&#8221;||11px|||&#8221; custom_padding=&#8221;|0px|||false|false&#8221; custom_padding_tablet=&#8221;|100px|||false|false&#8221; custom_padding_phone=&#8221;|100px|||false|false&#8221; custom_padding_last_edited=&#8221;on|desktop&#8221; hover_enabled=&#8221;0&#8243; title_font_size_tablet=&#8221;30px&#8221; title_font_size_phone=&#8221;30px&#8221; title_font_size_last_edited=&#8221;on|phone&#8221; locked=&#8221;off&#8221; global_colors_info=&#8221;{}&#8221; theme_builder_area=&#8221;post_content&#8221; sticky_enabled=&#8221;0&#8243; title_text_align=&#8221;left&#8221;][\/et_pb_heading][et_pb_text _builder_version=&#8221;4.27.2&#8243; _module_preset=&#8221;default&#8221; theme_builder_area=&#8221;post_content&#8221; text_font=&#8221;&#8211;et_global_body_font||||||||&#8221; text_font_size=&#8221;16px&#8221; text_text_color=&#8221;#595959&#8243; text_line_height=&#8221;26px&#8221; hover_enabled=&#8221;0&#8243; sticky_enabled=&#8221;0&#8243; header_3_line_height=&#8221;1.6em&#8221; header_4_line_height=&#8221;1.7em&#8221; header_4_line_height_last_edited=&#8221;on|phone&#8221; header_4_line_height_phone=&#8221;1.5em&#8221; header_3_line_height_last_edited=&#8221;on|desktop&#8221; header_4_line_height_tablet=&#8221;1.7em&#8221; header_3_line_height_tablet=&#8221;1.6em&#8221; header_3_line_height_phone=&#8221;1.6em&#8221;]<\/p>\n<p><span>Specializ\u0103rile\u00a0\u0219i gradele profesionale existente la ora actual\u0103 \u00een practica medicinei stomatologice sunt:<\/span><\/p>\n<p><span>&#8211; medic stomatolog<\/span><br \/><span>&#8211; medic specialist \u00een stomatologie general\u0103<\/span><br \/><span>&#8211;\u00a0medic primar \u00een stomatologie general\u0103<\/span><\/p>\n<p><span>&#8211; medic specialist \u00een chirurgia dento-alveolar\u0103<\/span><br \/><span>&#8211;\u00a0medic primar \u00een chirurgia dento-alveolar\u0103<\/span><\/p>\n<p><span>&#8211; medic specialist \u00een chirurgia oro-maxilo-facial\u0103<\/span><br \/><span>&#8211;\u00a0medic primar \u00een chirurgia oro-maxilo-facial\u0103<\/span><\/p>\n<p><span>&#8211; medic specialist \u00een ortodon\u021bie \u0219i ortopedie dento-facial\u0103<\/span><br \/><span>&#8211;\u00a0medic primar \u00een ortodon\u021bie \u0219i ortopedie dento-facial\u0103<\/span><\/p>\n<p><span>&#8211; medic specialist \u00een protetica dentar\u0103<\/span><br \/><span>&#8211; medic primar \u00een protetica dentar\u0103<\/span><\/p>\n<p><span>&#8211; medic specialist \u00een parodontologie<\/span><br \/><span>&#8211;\u00a0medic primar \u00een parodontologie<\/span><\/p>\n<p><span>&#8211;\u00a0medic specialist \u00een endodon\u021bie<\/span><br \/><span>&#8211;\u00a0medic primar \u00een endodon\u021bie<\/span><\/p>\n<p><span>Corespunz\u0103tor acestor specializ\u0103ri au fost stabilite \u0219i aprobate \u00een 2012\u00a0<\/span><strong>competen\u021bele<\/strong><span>\u00a0specifice:<\/span><\/p>\n<p><span style=\"text-decoration: underline;\">&#8211;\u00a0<strong>competen\u021be \u00een stomatologia general\u0103, chirurgia dento-alveolar\u0103, chirurgia OMF, ortodon\u021bie<\/strong><\/span><br \/><span style=\"text-decoration: underline;\">&#8211;\u00a0<strong>competen\u021be \u00een protetica dentar\u0103<\/strong><\/span><br \/><span style=\"text-decoration: underline;\">&#8211;\u00a0<strong>competen\u021be \u00een parodontologie \u0219i endodon\u021bie<\/strong><\/span><\/p>\n<p>[\/et_pb_text][\/et_pb_column][et_pb_column _builder_version=&#8221;4.27.2&#8243; _module_preset=&#8221;default&#8221; type=&#8221;1_3&#8243; theme_builder_area=&#8221;post_content&#8221; background_color=&#8221;#f3f8fe&#8221; hover_enabled=&#8221;0&#8243; sticky_enabled=&#8221;0&#8243; custom_padding=&#8221;30px|30px|30px|30px|false|false&#8221; custom_padding_last_edited=&#8221;on|tablet&#8221; custom_padding_phone=&#8221;15px|15px|15px|15px|false|false&#8221; custom_padding_tablet=&#8221;20px|20px|20px|20px|false|false&#8221;][et_pb_heading title=&#8221;Documente<br \/>\n&#8221; _builder_version=&#8221;4.27.2&#8243; _module_preset=&#8221;default&#8221; title_font=&#8221;Barlow||||||||&#8221; title_font_size=&#8221;44px&#8221; title_line_height=&#8221;56px&#8221; custom_margin=&#8221;||11px|||&#8221; custom_padding=&#8221;|0px|||false|false&#8221; custom_padding_tablet=&#8221;|100px|||false|false&#8221; custom_padding_phone=&#8221;|100px|||false|false&#8221; custom_padding_last_edited=&#8221;on|desktop&#8221; hover_enabled=&#8221;0&#8243; title_font_size_tablet=&#8221;30px&#8221; title_font_size_phone=&#8221;30px&#8221; title_font_size_last_edited=&#8221;on|phone&#8221; locked=&#8221;off&#8221; global_colors_info=&#8221;{}&#8221; theme_builder_area=&#8221;post_content&#8221; sticky_enabled=&#8221;0&#8243; title_text_align=&#8221;left&#8221;][\/et_pb_heading][et_pb_button button_text=&#8221;Competen\u021be \u00een stomatologia general\u0103, chirurgia dento-alveolar\u0103, chirurgia OMF, ortodon\u021bie&#8221; _builder_version=&#8221;4.27.2&#8243; _module_preset=&#8221;default&#8221; theme_builder_area=&#8221;post_content&#8221; button_alignment=&#8221;left&#8221; custom_button=&#8221;on&#8221; button_text_size=&#8221;14px&#8221; global_colors_info=&#8221;{%22gcid-primary-color%22:%91%22button_text_color%22%93}&#8221; button_text_color=&#8221;gcid-primary-color&#8221; button_bg_color=&#8221;#FFFFFF&#8221; button_bg_enable_color=&#8221;on&#8221; button_border_width=&#8221;1px&#8221; button_border_color=&#8221;#f7f7f7&#8243; button_font=&#8221;&#8211;et_global_body_font||||||||&#8221; button_use_icon=&#8221;off&#8221; custom_padding=&#8221;10px|20px|10px|20px|false|false&#8221; hover_enabled=&#8221;0&#8243; sticky_enabled=&#8221;0&#8243; button_url=&#8221;https:\/\/cmsbh.ro\/wp-content\/uploads\/2024\/10\/competente.md_.chir_.da_.omf_.orto-compressed.pdf&#8221; custom_margin=&#8221;||12px||false|false&#8221;][\/et_pb_button][et_pb_button button_text=&#8221;Competen\u021be \u00een protetica dentar\u0103&#8221; _builder_version=&#8221;4.27.2&#8243; _module_preset=&#8221;default&#8221; theme_builder_area=&#8221;post_content&#8221; button_alignment=&#8221;left&#8221; custom_button=&#8221;on&#8221; button_text_size=&#8221;14px&#8221; global_colors_info=&#8221;{%22gcid-primary-color%22:%91%22button_text_color%22%93}&#8221; button_text_color=&#8221;gcid-primary-color&#8221; button_bg_color=&#8221;#FFFFFF&#8221; button_bg_enable_color=&#8221;on&#8221; button_border_width=&#8221;1px&#8221; button_border_color=&#8221;#f7f7f7&#8243; button_font=&#8221;&#8211;et_global_body_font||||||||&#8221; button_use_icon=&#8221;off&#8221; custom_padding=&#8221;10px|20px|10px|20px|false|false&#8221; hover_enabled=&#8221;0&#8243; sticky_enabled=&#8221;0&#8243; button_url=&#8221;https:\/\/cmsbh.ro\/wp-content\/uploads\/2024\/10\/competente_in_protetica_dentara-pd.pdf&#8221; custom_margin=&#8221;||12px||false|false&#8221;][\/et_pb_button][et_pb_button button_text=&#8221;Competen\u021be \u00een parodontologie \u0219i endodon\u021bie&#8221; _builder_version=&#8221;4.27.2&#8243; _module_preset=&#8221;default&#8221; theme_builder_area=&#8221;post_content&#8221; button_alignment=&#8221;left&#8221; custom_button=&#8221;on&#8221; button_text_size=&#8221;14px&#8221; global_colors_info=&#8221;{%22gcid-primary-color%22:%91%22button_text_color%22%93}&#8221; button_text_color=&#8221;gcid-primary-color&#8221; button_bg_color=&#8221;#FFFFFF&#8221; button_bg_enable_color=&#8221;on&#8221; button_border_width=&#8221;1px&#8221; button_border_color=&#8221;#f7f7f7&#8243; button_font=&#8221;&#8211;et_global_body_font||||||||&#8221; button_use_icon=&#8221;off&#8221; custom_padding=&#8221;10px|20px|10px|20px|false|false&#8221; hover_enabled=&#8221;0&#8243; sticky_enabled=&#8221;0&#8243; button_url=&#8221;https:\/\/cmsbh.ro\/wp-content\/uploads\/2024\/10\/competente.paro_.endo_.pdf&#8221; custom_margin=&#8221;||12px||false|false&#8221;][\/et_pb_button][\/et_pb_column][\/et_pb_row][\/et_pb_section]<\/p>\n","protected":false},"excerpt":{"rendered":"<p>Specializ\u0103rile\u00a0\u0219i gradele profesionale existente la ora actual\u0103 \u00een practica medicinei stomatologice sunt: &#8211; medic stomatolog- medic specialist \u00een stomatologie general\u0103-\u00a0medic primar \u00een stomatologie general\u0103 &#8211; medic specialist \u00een chirurgia dento-alveolar\u0103-\u00a0medic primar \u00een chirurgia dento-alveolar\u0103 &#8211; medic specialist \u00een chirurgia oro-maxilo-facial\u0103-\u00a0medic primar \u00een chirurgia oro-maxilo-facial\u0103 &#8211; medic specialist \u00een ortodon\u021bie \u0219i ortopedie dento-facial\u0103-\u00a0medic primar \u00een ortodon\u021bie \u0219i ortopedie dento-facial\u0103 &#8211; medic specialist \u00een protetica dentar\u0103- medic primar \u00een protetica dentar\u0103 &#8211; medic specialist \u00een parodontologie-\u00a0medic primar \u00een parodontologie &#8211;\u00a0medic specialist \u00een endodon\u021bie-\u00a0medic primar \u00een endodon\u021bie Corespunz\u0103tor acestor specializ\u0103ri au fost stabilite \u0219i aprobate \u00een 2012\u00a0competen\u021bele\u00a0specifice: &#8211;\u00a0competen\u021be \u00een stomatologia general\u0103, chirurgia dento-alveolar\u0103, chirurgia OMF, ortodon\u021bie-\u00a0competen\u021be \u00een protetica dentar\u0103-\u00a0competen\u021be \u00een parodontologie \u0219i endodon\u021bie<\/p>\n","protected":false},"author":1,"featured_media":0,"parent":17,"menu_order":0,"comment_status":"closed","ping_status":"closed","template":"","meta":{"_et_pb_use_builder":"on","_et_pb_old_content":"<!-- wp:divi\/placeholder \/-->","_et_gb_content_width":"","footnotes":""},"class_list":["post-15","page","type-page","status-publish","hentry"],"_links":{"self":[{"href":"https:\/\/cmsbh.ro\/index.php\/wp-json\/wp\/v2\/pages\/15","targetHints":{"allow":["GET"]}}],"collection":[{"href":"https:\/\/cmsbh.ro\/index.php\/wp-json\/wp\/v2\/pages"}],"about":[{"href":"https:\/\/cmsbh.ro\/index.php\/wp-json\/wp\/v2\/types\/page"}],"author":[{"embeddable":true,"href":"https:\/\/cmsbh.ro\/index.php\/wp-json\/wp\/v2\/users\/1"}],"replies":[{"embeddable":true,"href":"https:\/\/cmsbh.ro\/index.php\/wp-json\/wp\/v2\/comments?post=15"}],"version-history":[{"count":3,"href":"https:\/\/cmsbh.ro\/index.php\/wp-json\/wp\/v2\/pages\/15\/revisions"}],"predecessor-version":[{"id":233,"href":"https:\/\/cmsbh.ro\/index.php\/wp-json\/wp\/v2\/pages\/15\/revisions\/233"}],"up":[{"embeddable":true,"href":"https:\/\/cmsbh.ro\/index.php\/wp-json\/wp\/v2\/pages\/17"}],"wp:attachment":[{"href":"https:\/\/cmsbh.ro\/index.php\/wp-json\/wp\/v2\/media?parent=15"}],"curies":[{"name":"wp","href":"https:\/\/api.w.org\/{rel}","templated":true}]}}